me factors of 91910?
2, 5, 7, 13, 101
List the prime factors of 859.
859
List the prime factors of 1275.
3, 5, 17
What are the prime factors of 28573?
28573
List the prime factors of 201963.
3, 23, 2927
List the prime factors of 14681.
53, 277
List the prime factors of 20372.
2, 11, 463
What are the prime factors of 24417?
3, 2713
What are the prime factors of 73?
73
List the prime factors of 15442.
2, 7, 1103
What are the prime factors of 812?
2, 7, 29
List the prime factors of 89240.
2, 5, 23, 97
What are the prime factors of 87?
3, 29
What are the prime factors of 4873?
11, 443
List the prime factors of 3159.
3, 13
What are the prime factors of 55918?
2, 73, 383
What are the prime factors of 3400?
2, 5, 17
What are the prime factors of 4793?
4793
List the prime factors of 2313.
3, 257
List the prime factors of 21566.
2, 41, 263
List the prime factors of 162538.
2, 181, 449
List the prime factors of 2078.
2, 1039
What are the prime factors of 5738?
2, 19, 151
List the prime factors of 111.
3, 37
List the prime factors of 137.
137
List the prime factors of 78741.
3, 13, 673
What are the prime factors of 1654?
2, 827
List the prime factors of 12195.
3, 5, 271
List the prime factors of 16894.
2, 8447
List the prime factors of 15855.
3, 5, 7, 151
List the prime factors of 8682.
2, 3, 1447
What are the prime factors of 31833?
3, 131
List the prime factors of 46630.
2, 5, 4663
List the prime factors of 5344.
2, 167
List the prime factors of 28719.
3, 3191
What are the prime factors of 9010?
2, 5, 17, 53
What are the prime factors of 29450?
2, 5, 19, 31
What are the prime factors of 63375?
3, 5, 13
List the prime factors of 65030.
2, 5, 7, 929
List the prime factors of 472.
2, 59
What are the prime factors of 7?
7
List the prime factors of 8614.
2, 59, 73
What are the prime factors of 105163?
103, 1021
What are the prime factors of 167709?
3, 55903
List the prime factors of 8455.
5, 19, 89
List the prime factors of 127.
127
What are the prime factors of 77433?
3, 53, 487
List the prime factors of 696.
2, 3, 29
What are the prime factors of 5059?
5059
What are the prime factors of 46373?
79, 587
What are the prime factors of 34432?
2, 269
List the prime factors of 68432.
2, 7, 13, 47
List the prime factors of 64692.
2, 3, 599
List the prime factors of 5180.
2, 5, 7, 37
List the prime factors of 5243.
7, 107
List the prime factors of 21084.
2, 3, 7, 251
What are the prime factors of 18918?
2, 3, 1051
What are the prime factors of 27509?
27509
List the prime factors of 1318.
2, 659
List the prime factors of 902.
2, 11, 41
List the prime factors of 2226.
2, 3, 7, 53
List the prime factors of 67005.
3, 5, 1489
List the prime factors of 2661.
3, 887
List the prime factors of 825.
3, 5, 11
What are the prime factors of 4081?
7, 11, 53
What are the prime factors of 3060?
2, 3, 5, 17
What are the prime factors of 5675?
5, 227
What are the prime factors of 155?
5, 31
What are the prime factors of 51504?
2, 3, 29, 37
List the prime factors of 15596.
2, 7, 557
List the prime factors of 208.
2, 13
What are the prime factors of 102?
2, 3, 17
List the prime factors of 6510.
2, 3, 5, 7, 31
List the prime factors of 7614.
2, 3, 47
List the prime factors of 7385.
5, 7, 211
What are the prime factors of 64874?
2, 163, 199
What are the prime factors of 1252?
2, 313
List the prime factors of 2262.
2, 3, 13, 29
List the prime factors of 14048.
2, 439
What are the prime factors of 8344?
2, 7, 149
List the prime factors of 9087.
3, 13, 233
List the prime factors of 11471.
11471
List the prime factors of 1609.
1609
List the prime factors of 40983.
3, 19, 719
What are the prime factors of 6501?
3, 11, 197
What are the prime factors of 1678?
2, 839
What are the prime factors of 40416?
2, 3, 421
What are the prime factors of 16642?
2, 53, 157
What are the prime factors of 141451?
37, 3823
List the prime factors of 1976.
2, 13, 19
What are the prime factors of 2220?
2, 3, 5, 37
What are the prime factors of 23370?
2, 3, 5, 19, 41
List the prime factors of 766.
2, 383
List the prime factors of 2417.
2417
What are the prime factors of 30052?
2, 11, 683
List the prime factors of 62418.
2, 3, 101, 103
List the prime factors of 35040.
2, 3, 5, 73
What are the prime factors of 1289?
1289
What are the prime factors of 37156?
2, 7, 1327
What are the prime factors of 3303?
3, 367
What are the prime factors of 31067?
47, 661
List the prime factors of 19255.
5, 3851
What are the prime factors of 11487?
3, 7, 547
List the prime factors of 66060.
2, 3, 5, 367
What are the prime factors of 632?
2, 79
List the prime factors of 2523.
3, 29
What are the prime factors of 4196?
2, 1049
List the prime factors of 3124.
2, 11, 71
What are the prime factors of 157?
157
What are the prime factors of 22279?
22279
List the prime factors of 3691.
3691
List the prime factors of 11577.
3, 17, 227
List the prime factors of 1578.
2, 3, 263
List the prime factors of 10670.
2, 5, 11, 97
What are the prime factors of 697?
17, 41
What are the prime factors of 23948?
2, 5987
What are the prime factors of 37423?
37423
What are the prime factors of 1107?
3, 41
List the prime factors of 2249.
13, 173
List the prime factors of 4490.
2, 5, 449
What are the prime factors of 67690?
2, 5, 7, 967
What are the prime factors of 70764?
2, 3, 5897
List the prime factors of 41193.
3, 23, 199
List the prime factors of 9729.
3, 23, 47
List the prime factors of 7619.
19, 401
What are the prime factors of 13386?
2, 3, 23, 97
List the prime factors of 3398.
2, 1699
What are the prime factors of 1736?
2, 7, 31
What are the prime factors of 15059?
11, 37
What are the prime factors of 95904?
2, 3, 37
What are the prime factors of 9521?
9521
What are the prime factors of 23706?
2, 3, 439
List the prime factors of 6687.
3, 743
List the prime factors of 2094.
2, 3, 349
List the prime factors of 4048.
2, 11, 23
List the prime factors of 11760.
2, 3, 5, 7
What are the prime factors of 5419?
5419
List the prime factors of 11577.
3, 17, 227
List the prime factors of 1809.
3, 67
What are the prime factors of 23798?
2, 73, 163
List the prime factors of 76555.
5, 61, 251
What are the prime factors of 2154?
2, 3, 359
What are the prime factors of 10330?
2, 5, 1033
What are the prime factors of 20004?
2, 3, 1667
List the prime factors of 1067.
11, 97
List the prime factors of 11311.
11311
What are the prime factors of 49533?
3, 11, 19, 79
List the prime factors of 5174.
2, 13, 199
List the prime factors of 1852.
2, 463
What are the prime factors of 285?
3, 5, 19
What are the prime factors of 36858?
2, 3, 6143
What are the prime factors of 176?
2, 11
What are the prime factors of 8440?
2, 5, 211
List the prime factors of 212.
2, 53
What are the prime factors of 8278?
2, 4139
List the prime factors of 3563.
7, 509
List the prime factors of 1262.
2, 631
What are the prime factors of 935?
5, 11, 17
List the prime factors of 71129.
71129
What are the prime factors of 373?
373
List the prime factors of 2809.
53
List the prime factors of 8947.
23, 389
What are the prime factors of 35459?
59, 601
List the prime factors of 23505.
3, 5, 1567
List the prime factors of 5348.
2, 7, 191
List the prime factors of 34621.
89, 389
What are the prime factors of 120161?
107, 1123
List the prime factors of 2065.
5, 7, 59
List the prime factors of 496.
2, 31
What are the prime factors of 10328?
2, 1291
List the prime factors of 1515.
3, 5, 101
What are the prime factors of 12936?
2, 3, 7, 11
What are the prime factors of 7392?
2, 3, 7, 11
What are the prime factors of 1217?
1217
What are the prime factors of 93?
3, 31
List the prime factors of 1092.
2, 3, 7, 13
What are the prime factors of 15379?
7, 13
What are the prime factors of 1368?
2, 3, 19
What are the prime factors of 8807?
8807
List the prime factors of 11551.
11551
List the prime factors of 2244.
2, 3, 11, 17
List the prime factors of 1025.
5, 41
List the prime factors of 382.
2, 191
List the prime factors of 1911.
3, 7, 13
List the prime factors of 1017.
3, 113
What are the prime factors of 2448?
2, 3, 17
What are the prime factors of 852?
2, 3, 71
What are the prime factors of 16579?
59, 281
List the prime factors of 98273.
7, 101, 139
What are the prime factors of 65249?
71, 919
List the prime fact